{"id":5928,"date":"2022-03-24T11:21:39","date_gmt":"2022-03-24T10:21:39","guid":{"rendered":"https:\/\/lokalizatorgps24.esteon.pl\/?page_id=5928"},"modified":"2022-04-03T13:54:23","modified_gmt":"2022-04-03T11:54:23","slug":"samochody-ciezarowe","status":"publish","type":"page","link":"https:\/\/lokalizatorgps24.esteon.pl\/index.php\/samochody-ciezarowe\/","title":{"rendered":"Samochody ci\u0119\u017carowe"},"content":{"rendered":"<p>[vc_row top=&#8221;280px&#8221; bottom=&#8221;200px&#8221; content_fadeout=&#8221;content-fadeout&#8221; bg_type=&#8221;image&#8221; parallax_bg=&#8221;parallax-bg&#8221; bg_cover=&#8221;cover&#8221; bg_repeat=&#8221;no-repeat&#8221; bg_position=&#8221;Center center&#8221; overlay_pattern=&#8221;sm_cell_b&#8221; overlay_pattern_op=&#8221;0.1&#8243; bg_color=&#8221;#3e4058&#8243; bg_image=&#8221;5952&#8243;][vc_column][vc_heading h_size=&#8221;h-extralarge&#8221; title=&#8221;SAMOCHODY CI\u0118\u017bAROWE&#8221; title_color=&#8221;#ffffff&#8221; subtitle_color=&#8221;#ffffff&#8221;][\/vc_column][\/vc_row][vc_row top=&#8221;100px&#8221; bottom=&#8221;30px&#8221;][vc_column][vc_heading h_size=&#8221;h-large&#8221; title=&#8221;Monitoring samochod\u00f3w ci\u0119\u017carowych&#8221; title_color=&#8221;#f78f20&#8243; divider=&#8221;div-between&#8221; divider_type=&#8221;div-wide-thick&#8221; divider_color=&#8221;#f78f20&#8243; alignment=&#8221;align-left&#8221;][\/vc_column][\/vc_row][vc_row top=&#8221;0px&#8221; equal_height=&#8221;content-fadeout&#8221; row_seperator=&#8221;no-seperator&#8221;][vc_column width=&#8221;7\/12&#8243; el_class=&#8221;column-text-bordered-left&#8221;][vc_separator color=&#8221;#f78f20&#8243; width=&#8221;50px&#8221; thickness=&#8221;3px&#8221;][vc_column_text]<\/p>\n<h5><\/h5>\n<p>Transport ci\u0119\u017carowy to przede wszystkim czasoch\u0142onna logistyka i wysokie koszty utrzymania. Dzi\u0119ki naszym rozwi\u0105zaniom mo\u017cesz zoptymalizowa\u0107 koszty i u\u0142atwi\u0107 sobie prac\u0119. Nasz monitoring GPS bez problemu radzi sobie z ci\u0105gnikami siod\u0142owymi. Podpi\u0119ty tachograf umo\u017cliwi Ci sprawdzenie na bie\u017c\u0105co, kiedy Tw\u00f3j kierowca powinien zrobi\u0107 przerw\u0119 w pracy. Nasze urz\u0105dzenia poka\u017c\u0105 Ci poziom AdBlue, naciski na o\u015b, ale r\u00f3wnie\u017c status kontrolek z deski rozdzielczej takich jak np. zapi\u0119cie pas\u00f3w, hamulca r\u0119cznego, czy zapalonych \u015bwiate\u0142 samochodu bez wychodzenia z domu.<\/p>\n<p>Monitoring GPS w samochodach ci\u0119\u017carowych poka\u017ce Ci stan zu\u017cycia paliwa nawet do trzech miesi\u0119cy wstecz.[\/vc_column_text][\/vc_column][vc_column width=&#8221;5\/12&#8243;][vc_single_image image=&#8221;5950&#8243; img_size=&#8221;1000&#215;500&#8243; style=&#8221;vc_box_rounded&#8221;][\/vc_column][\/vc_row][vc_row top=&#8221;0px&#8221; bottom=&#8221;50px&#8221; textalign=&#8221;center&#8221;][vc_column width=&#8221;1\/4&#8243;][vc_single_image image=&#8221;5905&#8243; alignment=&#8221;center&#8221; el_class=&#8221;icon-round&#8221;][vc_column_text]<strong>MONITORING SAMOCHOD\u00d3W 24H NA DOB\u0118<\/strong>[\/vc_column_text][\/vc_column][vc_column width=&#8221;1\/4&#8243;][vc_single_image image=&#8221;5951&#8243; alignment=&#8221;center&#8221; el_class=&#8221;icon-round&#8221;][vc_column_text]<strong>ODCZYT DANYCH Z TACHOGRAFU<\/strong>[\/vc_column_text][\/vc_column][vc_column width=&#8221;1\/4&#8243;][vc_single_image image=&#8221;5906&#8243; alignment=&#8221;center&#8221; el_class=&#8221;icon-round&#8221;][vc_column_text]<strong>KONTROLA ZU\u017bYCIA PALIWA<\/strong>[\/vc_column_text][\/vc_column][vc_column width=&#8221;1\/4&#8243;][vc_single_image image=&#8221;5942&#8243; alignment=&#8221;center&#8221; el_class=&#8221;icon-round&#8221;][vc_column_text]<strong>MONITORING CZASU PRACY I POSTOJ\u00d3W<\/strong>[\/vc_column_text][\/vc_column][\/vc_row][vc_row top=&#8221;0&#8243;][vc_column textalign=&#8221;center&#8221; font_color=&#8221;#f78f20&#8243;][vc_button title=&#8221;Sprawd\u017a pozosta\u0142e zastosowania&#8221; size=&#8221;btn-large&#8221; type=&#8221;simplelineicons&#8221; icon_simplelineicons=&#8221;icon-arrow-right&#8221; icon_pos=&#8221;icon-right&#8221; border_radius=&#8221;round&#8221; css_animation=&#8221;bottom-to-top&#8221; css_animation_delay=&#8221;delay-600&#8243; icon_name=&#8221;icon-arrow-right&#8221; link=&#8221;url:%23||&#8221;][\/vc_column][\/vc_row]<\/p>\n","protected":false},"excerpt":{"rendered":"<p>[vc_row top=&#8221;280px&#8221; bottom=&#8221;200px&#8221; content_fadeout=&#8221;content-fadeout&#8221; bg_type=&#8221;image&#8221; parallax_bg=&#8221;parallax-bg&#8221; bg_cover=&#8221;cover&#8221; bg_repeat=&#8221;no-repeat&#8221; bg_position=&#8221;Center center&#8221; overlay_pattern=&#8221;sm_cell_b&#8221; overlay_pattern_op=&#8221;0.1&#8243; bg_color=&#8221;#3e4058&#8243; bg_image=&#8221;5952&#8243;][vc_column][vc_heading h_size=&#8221;h-extralarge&#8221; title=&#8221;SAMOCHODY CI\u0118\u017bAROWE&#8221; title_color=&#8221;#ffffff&#8221; subtitle_color=&#8221;#ffffff&#8221;][\/vc_column][\/vc_row][vc_row top=&#8221;100px&#8221; bottom=&#8221;30px&#8221;][vc_column][vc_heading h_size=&#8221;h-large&#8221; title=&#8221;Monitoring samochod\u00f3w ci\u0119\u017carowych&#8221; title_color=&#8221;#f78f20&#8243; divider=&#8221;div-between&#8221; divider_type=&#8221;div-wide-thick&#8221; divider_color=&#8221;#f78f20&#8243; alignment=&#8221;align-left&#8221;][\/vc_column][\/vc_row][vc_row top=&#8221;0px&#8221; equal_height=&#8221;content-fadeout&#8221; row_seperator=&#8221;no-seperator&#8221;][vc_column width=&#8221;7\/12&#8243; el_class=&#8221;column-text-bordered-left&#8221;][vc_separator color=&#8221;#f78f20&#8243; width=&#8221;50px&#8221; thickness=&#8221;3px&#8221;][vc_column_text] Transport ci\u0119\u017carowy to przede wszystkim czasoch\u0142onna logistyka i wysokie koszty utrzymania. Dzi\u0119ki naszym rozwi\u0105zaniom mo\u017cesz zoptymalizowa\u0107 koszty i u\u0142atwi\u0107 sobie prac\u0119. Nasz monitoring GPS bez problemu radzi sobie z ci\u0105gnikami siod\u0142owymi. Podpi\u0119ty tachograf umo\u017cliwi Ci sprawdzenie na&#8230;  <\/p>\n<div class=\"read-more\"><a class=\"excerpt-read-more\" href=\"https:\/\/lokalizatorgps24.esteon.pl\/index.php\/samochody-ciezarowe\/\" title=\"Continue reading Samochody ci\u0119\u017carowe\">Read more<i class=\"fa fa-angle-right\"><\/i><\/a><\/div>\n","protected":false},"author":1,"featured_media":0,"parent":0,"menu_order":0,"comment_status":"open","ping_status":"open","template":"page-full-width.php","meta":{"footnotes":""},"class_list":["post-5928","page","type-page","status-publish","hentry"],"_links":{"self":[{"href":"https:\/\/lokalizatorgps24.esteon.pl\/index.php\/wp-json\/wp\/v2\/pages\/5928","targetHints":{"allow":["GET"]}}],"collection":[{"href":"https:\/\/lokalizatorgps24.esteon.pl\/index.php\/wp-json\/wp\/v2\/pages"}],"about":[{"href":"https:\/\/lokalizatorgps24.esteon.pl\/index.php\/wp-json\/wp\/v2\/types\/page"}],"author":[{"embeddable":true,"href":"https:\/\/lokalizatorgps24.esteon.pl\/index.php\/wp-json\/wp\/v2\/users\/1"}],"replies":[{"embeddable":true,"href":"https:\/\/lokalizatorgps24.esteon.pl\/index.php\/wp-json\/wp\/v2\/comments?post=5928"}],"version-history":[{"count":8,"href":"https:\/\/lokalizatorgps24.esteon.pl\/index.php\/wp-json\/wp\/v2\/pages\/5928\/revisions"}],"predecessor-version":[{"id":5986,"href":"https:\/\/lokalizatorgps24.esteon.pl\/index.php\/wp-json\/wp\/v2\/pages\/5928\/revisions\/5986"}],"wp:attachment":[{"href":"https:\/\/lokalizatorgps24.esteon.pl\/index.php\/wp-json\/wp\/v2\/media?parent=5928"}],"curies":[{"name":"wp","href":"https:\/\/api.w.org\/{rel}","templated":true}]}}